{"id":118,"date":"2014-09-15T12:49:40","date_gmt":"2014-09-15T09:49:40","guid":{"rendered":"http:\/\/www.ozgurguler.net\/?page_id=118"},"modified":"2020-07-16T23:34:32","modified_gmt":"2020-07-16T20:34:32","slug":"destek-talebi","status":"publish","type":"page","link":"https:\/\/www.ozgurguler.net\/blog\/destek-talebi\/","title":{"rendered":"Destek Talebi"},"content":{"rendered":"<p><strong><a href=\"mailto:ozgurguler@gmail.com\">ozgurguler@gmail.com<\/a><\/strong> adresinden destek ve yaz\u0131l\u0131m talebinde bulunabilirsiniz.<br \/>\n[contact-form-7 id=&#8221;499&#8243; title=&#8221;\u0130leti\u015fim formu 1&#8243;]<\/p>\n<p><a href=\"https:\/\/yadi.sk\/d\/wixLf7uaEn_cqw\"><img loading=\"lazy\" decoding=\"async\" class=\"alignnone \" src=\"https:\/\/www.teamviewer.com\/resources\/images\/logos\/teamviewer-logo-big.svg\" alt=\"\" width=\"349\" height=\"79\" \/><\/a><\/p>\n<p><a href=\"https:\/\/yadi.sk\/d\/wixLf7uaEn_cqw\">Team Viwer Destek<\/a><\/p>\n<p><a href=\"http:\/\/download.teamviewer.com\/download\/version_12x\/TeamViewer_Setup.exe\">Team Viewer\u00a0<\/a><\/p>\n<p><strong>\u00d6\u011frenmek pahal\u0131d\u0131r. <\/strong><br \/>\n<strong> Ama Cehalet!..<\/strong><br \/>\n<strong> Ondan da pahal\u0131d\u0131r<\/strong><br \/>\n<strong> <em>HENRY CLAUSEN<\/em><\/strong><\/p>\n<p><span style=\"color: #ff0000;\"><strong><em>Bu sitedeki bilgilerin do\u011fru yada yanl\u0131\u015f kullan\u0131lmas\u0131ndan sitemiz sorumlu de\u011fildir.<br \/>\nBilginiz yeterli de\u011filse yedek almay\u0131 unutmay\u0131n\u0131z.<\/em><\/strong><\/span><\/p>\n","protected":false},"excerpt":{"rendered":"<p>ozgurguler@gmail.com adresinden destek ve yaz\u0131l\u0131m talebinde bulunabilirsiniz. [contact-form-7 id=&#8221;499&#8243; title=&#8221;\u0130leti\u015fim formu 1&#8243;] Team Viwer Destek Team Viewer\u00a0 \u00d6\u011frenmek pahal\u0131d\u0131r. Ama Cehalet!.. Ondan da pahal\u0131d\u0131r HENRY CLAUSEN Bu sitedeki bilgilerin do\u011fru yada yanl\u0131\u015f kullan\u0131lmas\u0131ndan sitemiz sorumlu de\u011fildir. Bilginiz yeterli de\u011filse yedek almay\u0131 unutmay\u0131n\u0131z.<\/p>\n","protected":false},"author":4,"featured_media":0,"parent":0,"menu_order":0,"comment_status":"open","ping_status":"closed","template":"","meta":{"footnotes":""},"class_list":["post-118","page","type-page","status-publish","hentry"],"_links":{"self":[{"href":"https:\/\/www.ozgurguler.net\/blog\/wp-json\/wp\/v2\/pages\/118","targetHints":{"allow":["GET"]}}],"collection":[{"href":"https:\/\/www.ozgurguler.net\/blog\/wp-json\/wp\/v2\/pages"}],"about":[{"href":"https:\/\/www.ozgurguler.net\/blog\/wp-json\/wp\/v2\/types\/page"}],"author":[{"embeddable":true,"href":"https:\/\/www.ozgurguler.net\/blog\/wp-json\/wp\/v2\/users\/4"}],"replies":[{"embeddable":true,"href":"https:\/\/www.ozgurguler.net\/blog\/wp-json\/wp\/v2\/comments?post=118"}],"version-history":[{"count":19,"href":"https:\/\/www.ozgurguler.net\/blog\/wp-json\/wp\/v2\/pages\/118\/revisions"}],"predecessor-version":[{"id":3313,"href":"https:\/\/www.ozgurguler.net\/blog\/wp-json\/wp\/v2\/pages\/118\/revisions\/3313"}],"wp:attachment":[{"href":"https:\/\/www.ozgurguler.net\/blog\/wp-json\/wp\/v2\/media?parent=118"}],"curies":[{"name":"wp","href":"https:\/\/api.w.org\/{rel}","templated":true}]}}